Let u(k) = k**3 + 11*k**2 - 12*k + 3. Let z be u(-12). Let t(n) = 2*n + 1. Let q be t(1). Let f(d) = -d**2 - d**2 - q - 1 + d**2 + z*d. Give f(5).
-14
Let p(d) = d**2 - 8*d - 10. Let w = -348 - -355. Calculate p(w).
-17
Let u(x) = -4*x**2 + 8*x + 2. Let v(n) = 5*n**2 - 9*n - 2. Let l = -21 - -16. Let h(c) = l*v(c) - 6*u(c). Calculate h(-2).
0
Let b = -15 + 22. Let g(q) be the third derivative of q**5/60 - 3*q**4/8 + 4*q**3/3 + 11*q**2. Determine g(b).
-6
Let c(s) = -4*s**3 + 7*s**2 - 7*s + 24. Let j(m) = m**3 + m**2 + m. Let q(i) = c(i) + 3*j(i). Calculate q(10).
-16
Let g(z) = z**3. Let q(c) = 10*c**2 + 9*c + 10*c**2 - 8*c**2 + c**3 + 10 - 3*c**2. Let h = -35 + 27. Let s be q(h). What is g(s)?
8
Let q(y) = y**2 + 2. Let l(w) be the third derivative of 0 + 1/120*w**6 + 1/6*w**3 - 1/12*w**4 - 7*w**2 + 0*w - 1/30*w**5. Let s be l(2). Give q(s).
11
Let a(r) be the second derivative of 7*r**3/6 - 2*r**2 - 2*r. Let s(g) = g**2 - 13*g + 3. Let l be s(13). Determine a(l).
17
Let d(a) = a + 2. Let i be d(4). Suppose i = b + b. Let f(g) = -5*g**3 - g**2 + 4*g**b + g + 8 - 2 + 2. Determine f(0).
8
Let b(a) = -4*a**2 - 7*a + 9. Suppose 28 = -4*j + 8*d - 5*d, 8 = 2*d. Determine b(j).
-27
Suppose 3*l = 13 + 11. Suppose -2*a - 3*a - q + 37 = 0, 0 = 4*q - l. Let x(z) = z**3 - 8*z**2 + 8*z + 3. Determine x(a).
10
Let j(c) = -2*c**2 + 5*c + 4. Let i(d) = -4*d**2 + 11*d + 8. Let h(u) = -4*i(u) + 9*j(u). Calculate h(2).
-2
Let i be ((-2)/(-6) + 1)*(-15)/(-5). Let y(f) = 228*f**3 - 1 + 2*f - 229*f**3 + 4*f - i*f - f**2. What is y(1)?
-1
Let f(t) = t + 3. Suppose 0 = -6*i + 17 + 67. Let w be (-1 - (-1)/2)*i. Give f(w).
-4
Let b(h) be the first derivative of -h**2/2 + 11*h + 549. Determine b(-6).
17
Suppose 23 + 10 = 33*b. Let g(q) = -6*q**2 + q - 2. Give g(b).
-7
Let w(d) be the second derivative of -d**4/12 + d**2/2 - 2*d + 5. Give w(0).
1
Let c(i) be the second derivative of -i**3/6 - 3*i**2 + 2*i. Let t be 10/4*2280/(-950). What is c(t)?
0
Let c(q) = q**2 - 346*q - 2*q**2 + q**3 + 3*q**2 + 347*q + 3 + 5*q**2. What is c(-5)?
48
Suppose w + 1 - 6 = 0. Let o(m) = -4*m**2 + 2*m**2 + 4*m + 3*m - w*m. Let d(b) = -b**2 + 2*b + 1. Let v be d(3). Calculate o(v).
-12
Let n(v) = 26*v - 41*v + 2 + 26*v + 1. Determine n(-3).
-30
Let o(d) = 12 - d + 3*d - d. Suppose 0 = s + 5*q + 3, 4*q + 4 = 13*s - 14*s. Calculate o(s).
4
Let w(v) = 3*v - 2*v - 1 - v**2 + 0*v**2 - 3*v. Let d = -27 - -30. Let b be 3 + d/(-1) + 2. Determine w(b).
-9
Let z(l) = l**3 - 13*l**2 - 13*l - 3. Let h(b) = -b + 24. Let a be h(10). Calculate z(a).
11
Let w(f) = -377 + 4*f**2 - 14*f - 3*f**2 + 387 - 3*f**2. Determine w(-7).
10
Let z(p) = p - 3. Suppose 0 = -64*t + 77*t - 104. Calculate z(t).
5
Let o(y) = -8*y + 24. Let c(r) = -7*r + 20. Let m(b) = -5*c(b) + 4*o(b). Calculate m(-4).
-16
Let t(w) be the third derivative of 3*w**2 + 2/3*w**3 + 0*w + 1/12*w**5 - 7/24*w**4 + 0 + 1/120*w**6. Let x be -4 + (-3)/((-6)/(-4)). Calculate t(x).
10
Let u(c) be the first derivative of -c**4/4 - 2*c**3 + 5*c**2 + 9*c - 89. Determine u(-7).
-12
Let q(h) = -28*h - 1. Let j be q(2). Let x = 56 + j. Let d(k) = 8*k**3 + k**2 + k. Determine d(x).
-8
Let l(s) be the second derivative of -3/10*s**5 + 0 - 1/12*s**4 + 1/2*s**2 + 6*s + 1/6*s**3. Calculate l(-1).
5
Let y(x) be the first derivative of -x**7/210 + x**4/24 + 11*x**3/3 + 4. Let t(r) be the third derivative of y(r). Calculate t(-1).
5
Let q(f) = -f**2 + 3*f**2 - 102*f + 202*f - 100*f - 1. Suppose -l = l - 4. Give q(l).
7
Let x = 0 - 1. Let b be (-3 - x)*(0 - -3). Let t(o) = -o**3 - 6*o**2 - 8. Calculate t(b).
-8
Let q = -379 + 377. Let x(v) be the second derivative of -v**4/12 - v**3/6 + v**2/2 - 2*v. Calculate x(q).
-1
Let o be 67 + 12 + (-2)/1. Suppose 29 - o = 8*x. Let q(v) = v**2 + 4*v - 2. Determine q(x).
10
Let t(g) = g**3 + g**2 - 3*g - 3. Let v be (-3 - -1 - (-4 + 3)) + -2. Let k be t(v). Let o(s) = s**2 + 12*s - 3. Determine o(k).
-3
Suppose 146*k = 144*k + 2. Let g(d) = 6*d + 0 + k - d**2 - d - 3*d. Determine g(-3).
-14
Let k(z) = 35*z - 42. Let w(b) = -3*b + 4. Let u(q) = 2*k(q) + 22*w(q). Give u(-3).
-8
Let z(t) be the first derivative of 3*t**2/2 - 5*t + 210. Calculate z(9).
22
Let p(z) be the third derivative of -z**4/8 - 3*z**3/2 + 44*z**2 + 2. Give p(-4).
3
Let u(d) = 52*d**2 + 1327*d - 51*d**2 - 1316*d + 12. Determine u(-10).
2
Suppose -5*n = 19 - 4. Let y(w) = 14 + 1 - 18 - 4*w + 3*w. Determine y(n).
0
Let a(c) = 21*c - 11*c + c - 14*c + 25. Give a(8).
1
Suppose -2 + 29 = 27*d. Let a(s) = 27*s**2 - s. Calculate a(d).
26
Let g be 33*1 + (-2)/2. Let z be (-2)/6 + g/6. Suppose 25 = -0*x - z*x. Let r(p) = -p - 4. Determine r(x).
1
Let x be (9/6)/((-2)/20). Let t(y) be the first derivative of -y**4/4 - 5*y**3 + y**2/2 + 10*y + 1276. Determine t(x).
-5
Suppose 2*m + 5*j = -5 - 3, 55 = -5*m + 5*j. Let r be 54/(-12)*(-12)/m. Let w(u) = 3*u + 7. Give w(r).
-11
Let n be -5 - (-4)/12*0. Let i(z) = -9*z**3 - 4*z**2 - 4*z. Let y(t) = -8*t**3 - 5*t**2 - 5*t. Let a(u) = n*i(u) + 4*y(u). Give a(1).
13
Let g(c) = c - 7. Let s(r) = -3*r - 8. Let t be s(-4). Let j be (2/8)/(t/16). Let y be (-28)/(-21)*(2 + j). Give g(y).
-3
Let m(j) be the third derivative of 23*j**2 + 0*j - 1/12*j**4 + 0 + 11/6*j**3. Determine m(8).
-5
Let l(f) = 2*f**2 + 28*f + 10. Let b(q) = q**2 + 16*q + 5. Let m(a) = -11*b(a) + 6*l(a). What is m(5)?
-10
Suppose -66 = 5*o - 7*o. Let z(g) = 33 - g - o. Let a be (-2)/(-3)*(-6)/4. What is z(a)?
1
Let y(j) = j - 7. Suppose -10*g + 26 + 4 = 0. Let t(f) = 4*f - 22. Let q(x) = g*t(x) - 10*y(x). Calculate q(-6).
-8
Let i be 8 - 4*(-4 + 6). Let a(v) = v**2 + v - 16. Calculate a(i).
-16
Let i(r) be the second derivative of -1/2*r**2 - 1/12*r**4 + 1/6*r**3 + 1/20*r**5 + 0 - 12*r. Determine i(0).
-1
Let x(l) = l**3 + l**2 + 4*l + 1. Let d(p) = 4 - p**2 - 9*p**3 + 4*p**3 + 3*p**2 + 8*p**3 + 11*p. Let f(s) = -6*d(s) + 17*x(s). What is f(5)?
3
Suppose w + 16 = -w. Let v = w + 10. Let p(f) be the third derivative of -f**4/12 + f**3/2 + 7*f**2. What is p(v)?
-1
Let y(j) be the second derivative of j**3/6 - 3*j**2 + 66*j. What is y(4)?
-2
Let w(j) = -j**2 + 7*j - 9. Suppose 4*f = 1007 - 979. What is w(f)?
-9
Let w(p) = 36*p**2 + p - 1. Let s be w(1). Let k = 40 - s. Let g(v) = -2*v + 6. Determine g(k).
-2
Let l(z) = -z + 8. Let b(t) = t**3 - 7*t**2 + 8*t - 10. Let c be b(6). Suppose -8*d = -11*d - c*d. Calculate l(d).
8
Let x(c) be the first derivative of -1/3*c**3 + 6 - 4*c + 5/2*c**2. Let m = 2 - -1. Determine x(m).
2
Suppose -16*x - 3*x = 19. Let w be (x - 19)/(-1*(7 - 5)). Let l(p) = p**2 - 9*p - 7. What is l(w)?
3
Let u(j) = j**2 - 3*j - 3. Let z be u(4). Let m(a) be the first derivative of -3*a**4/4 - a**2/2 + a + 196. Calculate m(z).
-3
Let y(v) = 24062*v - 24067*v + 3 + 9. What is y(4)?
-8
Suppose 0*v = 3*v - 63. Suppose 4*l = -4*a, -4*l - v = l - 2*a. Let b(k) be the third derivative of -k**5/60 - k**4/6 + 5*k**2 + 68. Give b(l).
3
Suppose -4*j - 4*k - 19 = 1, 0 = 4*j - 3*k - 8. Let a = j + 2. Let f(i) be the third derivative of i**6/60 + i**5/60 - 2*i**2 - 39. Give f(a).
3
Let w be 2*(2/((-2)/37))/(-2). Let l(f) = 77*f**2 - 7 - 41*f**2 + 3*f - w*f**2. Calculate l(5).
-17
Let h(l) = -3*l**2 - 21*l + 7. Let p(k) = 5*k**2 + 32*k - 3. Let y(m) = -5*m**2 - 32*m + 4. Let q(v) = -6*p(v) - 7*y(v). Let t(u) = 8*h(u) + 5*q(u). Give t(7).
-1
Let b(y) = -2 + 7*y + 5 - 5*y**2 + 8*y - 18*y. Give b(1).
-5
Let j(v) be the second derivative of -v**5/4 - v**4/12 + v**3/6 - v**2/2 - 2*v - 158. Calculate j(1).
-6
Let y(p) = p**3 + 3*p**2 - 5*p - 2. Let x be y(-4). Suppose -5*t - x*u = 10, u + 4 - 14 = 5*t. Let l(m) = 8*m**2 + 3 - 4 + 0 - 2*m - 9*m**2. What is l(t)?
-1
Let p be 2*((-30)/(-4))/(-3). Let t = -27 + 30. Let o(m) = 21*m**2 - 22*m**2 - t*m - 4*m - 6. Determine o(p).
4
Let p(t) = -t**2 + t. Let l(i) = 2*i - 7*i - 2 + 5 + 4*i**2. Let v(x) = -l(x) - 2*p(x). Calculate v(2).
-5
Let s(t) be the second derivative of t**5/20 + 5*t**4/12 + t**3/6 + t**2 + 12*t. Let r be s(-5). Let v(k) = -k**2 - 4*k - 1. Determine v(r).
2
Let n(g) be the third derivative of g**4/12 - g**3 + 420*g**2. Let a be 3 - (1 - (-2 + 5)). Give n(a).
4
Let g(s) = 3*s**2 - 5*s. Let p(n) be the second derivative of n**4/12 - n**3/6 + 3*n. Let a(q) = -g(q) + 2*p(q). What is a(2)?
2
Let p(f) = -5 + 3*